Last updated on 2024-05-07 17:50:00 CEST.
Flavor | Version | Tinstall | Tcheck | Ttotal | Status | Flags |
---|---|---|---|---|---|---|
r-devel-linux-x86_64-debian-clang | 0.7.0 | 4.33 | 39.67 | 44.00 | OK | |
r-devel-linux-x86_64-debian-gcc | 0.7.0 | 2.78 | 29.49 | 32.27 | OK | |
r-devel-linux-x86_64-fedora-clang | 0.7.0 | 58.32 | OK | |||
r-devel-linux-x86_64-fedora-gcc | 0.7.0 | 60.77 | OK | |||
r-devel-windows-x86_64 | 0.7.0 | 4.00 | 116.00 | 120.00 | OK | |
r-patched-linux-x86_64 | 0.7.0 | 3.60 | 37.58 | 41.18 | OK | |
r-release-linux-x86_64 | 0.7.0 | 2.89 | 37.54 | 40.43 | OK | |
r-release-macos-arm64 | 0.7.0 | 20.00 | OK | |||
r-release-windows-x86_64 | 0.7.0 | 4.00 | 100.00 | 104.00 | OK | |
r-oldrel-macos-arm64 | 0.7.0 | 21.00 | NOTE | |||
r-oldrel-macos-x86_64 | 0.7.0 | 41.00 | NOTE | |||
r-oldrel-windows-x86_64 | 0.7.0 | 5.00 | 71.00 | 76.00 | OK |
Version: 0.7.0
Check: package dependencies
Result: NOTE
Package suggested but not available for checking: ‘affxparser’
Flavors: r-oldrel-macos-arm64, r-oldrel-macos-x86_64
Version: 0.7.0
Check: Rd cross-references
Result: NOTE
Package unavailable to check Rd xrefs: ‘affxparser’
Flavors: r-oldrel-macos-arm64, r-oldrel-macos-x86_64