Last updated on 2024-05-07 09:58:46 CEST.
Flavor | Version | Tinstall | Tcheck | Ttotal | Status | Flags |
---|---|---|---|---|---|---|
r-devel-linux-x86_64-debian-clang | 1.7.1 | 12.32 | 93.75 | 106.07 | OK | |
r-devel-linux-x86_64-debian-gcc | 1.7.1 | 10.96 | 65.17 | 76.13 | OK | |
r-devel-linux-x86_64-fedora-clang | 1.7.1 | 139.14 | OK | |||
r-devel-linux-x86_64-fedora-gcc | 1.7.1 | 126.78 | OK | |||
r-devel-windows-x86_64 | 1.7.1 | 15.00 | 84.00 | 99.00 | OK | |
r-patched-linux-x86_64 | 1.7.1 | 11.88 | 84.44 | 96.32 | OK | |
r-release-linux-x86_64 | 1.7.1 | 13.60 | 87.97 | 101.57 | OK | |
r-release-macos-arm64 | 1.7.1 | 35.00 | OK | |||
r-release-macos-x86_64 | 1.7.1 | 74.00 | OK | |||
r-release-windows-x86_64 | 1.7.1 | 12.00 | 84.00 | 96.00 | OK | |
r-oldrel-macos-arm64 | 1.7.1 | 40.00 | NOTE | |||
r-oldrel-macos-x86_64 | 1.7.1 | 75.00 | NOTE | |||
r-oldrel-windows-x86_64 | 1.7.1 | 17.00 | 99.00 | 116.00 | OK |
Version: 1.7.1
Check: package dependencies
Result: NOTE
Package suggested but not available for checking: ‘GLAD’
Flavors: r-oldrel-macos-arm64, r-oldrel-macos-x86_64