Last updated on 2024-05-03 01:51:13 CEST.
Flavor | Version | Tinstall | Tcheck | Ttotal | Status | Flags |
---|---|---|---|---|---|---|
r-devel-linux-x86_64-debian-clang | 0.9.0 | 6.14 | 72.77 | 78.91 | OK | |
r-devel-linux-x86_64-debian-gcc | 0.9.0 | 4.73 | 56.08 | 60.81 | OK | |
r-devel-linux-x86_64-fedora-clang | 0.9.0 | 101.65 | OK | |||
r-devel-linux-x86_64-fedora-gcc | 0.9.0 | 101.21 | OK | |||
r-devel-windows-x86_64 | 0.9.0 | 19.00 | 188.00 | 207.00 | NOTE | |
r-patched-linux-x86_64 | 0.9.0 | 5.64 | 72.48 | 78.12 | OK | |
r-release-linux-x86_64 | 0.9.0 | 5.52 | 72.71 | 78.23 | OK | |
r-release-macos-arm64 | 0.9.0 | 39.00 | NOTE | |||
r-release-windows-x86_64 | 0.9.0 | 20.00 | 188.00 | 208.00 | NOTE | |
r-oldrel-macos-arm64 | 0.9.0 | 58.00 | NOTE | |||
r-oldrel-macos-x86_64 | 0.9.0 | 107.00 | NOTE | |||
r-oldrel-windows-x86_64 | 0.9.0 | 21.00 | 283.00 | 304.00 | NOTE |
Version: 0.9.0
Check: installed package size
Result: NOTE
installed size is 30.3Mb
sub-directories of 1Mb or more:
libs 29.5Mb
Flavors: r-devel-windows-x86_64, r-release-macos-arm64, r-release-windows-x86_64, r-oldrel-macos-arm64, r-oldrel-macos-x86_64, r-oldrel-windows-x86_64