Last updated on 2024-05-08 01:48:08 CEST.
Flavor | Version | Tinstall | Tcheck | Ttotal | Status | Flags |
---|---|---|---|---|---|---|
r-devel-linux-x86_64-debian-clang | 0.4-6 | 4.90 | 61.92 | 66.82 | NOTE | |
r-devel-linux-x86_64-debian-gcc | 0.4-6 | 5.09 | 46.59 | 51.68 | NOTE | |
r-devel-linux-x86_64-fedora-clang | 0.4-6 | 87.17 | NOTE | |||
r-devel-linux-x86_64-fedora-gcc | 0.4-6 | 108.30 | NOTE | |||
r-devel-windows-x86_64 | 0.4-6 | 6.00 | 72.00 | 78.00 | NOTE | |
r-patched-linux-x86_64 | 0.4-6 | 5.81 | 58.43 | 64.24 | NOTE | |
r-release-linux-x86_64 | 0.4-6 | 6.83 | 59.58 | 66.41 | NOTE | |
r-release-macos-arm64 | 0.4-6 | 30.00 | NOTE | |||
r-release-windows-x86_64 | 0.4-6 | 6.00 | 73.00 | 79.00 | NOTE | |
r-oldrel-macos-arm64 | 0.4-6 | 28.00 | OK | |||
r-oldrel-macos-x86_64 | 0.4-6 | 72.00 | OK | |||
r-oldrel-windows-x86_64 | 0.4-6 | 7.00 | 73.00 | 80.00 | OK |
Version: 0.4-6
Check: Rd files
Result: NOTE
checkRd: (-1) plot-traj.Rd:71: Lost braces; missing escapes or markup?
71 | the plots are saved into directory {sim.dir}/predictions/migTrajectories.}
| ^
Flavors: r-devel-linux-x86_64-debian-clang, r-devel-linux-x86_64-debian-gcc, r-devel-linux-x86_64-fedora-clang, r-devel-linux-x86_64-fedora-gcc, r-devel-windows-x86_64, r-patched-linux-x86_64, r-release-linux-x86_64, r-release-macos-arm64, r-release-windows-x86_64
Version: 0.4-6
Check: Rd cross-references
Result: NOTE
Undeclared packages ‘rworldmap’, ‘snowFT’ in Rd xrefs
Flavor: r-devel-linux-x86_64-fedora-clang