Last updated on 2024-05-07 09:58:47 CEST.
Flavor | Version | Tinstall | Tcheck | Ttotal | Status | Flags |
---|---|---|---|---|---|---|
r-devel-linux-x86_64-debian-clang | 0.0.5 | 176.08 | 130.41 | 306.49 | NOTE | |
r-devel-linux-x86_64-debian-gcc | 0.0.5 | 152.32 | 102.32 | 254.64 | NOTE | |
r-devel-linux-x86_64-fedora-clang | 0.0.5 | 378.32 | NOTE | |||
r-devel-linux-x86_64-fedora-gcc | 0.0.5 | 608.83 | NOTE | |||
r-devel-windows-x86_64 | 0.0.5 | 144.00 | 129.00 | 273.00 | NOTE | |
r-patched-linux-x86_64 | 0.0.5 | 0.02 | 2.20 | 2.22 | ERROR | |
r-release-linux-x86_64 | 0.0.5 | 156.62 | 135.30 | 291.92 | NOTE | |
r-release-macos-arm64 | 0.0.5 | 92.00 | NOTE | |||
r-release-windows-x86_64 | 0.0.5 | 144.00 | 131.00 | 275.00 | NOTE | |
r-oldrel-macos-arm64 | 0.0.5 | 159.00 | NOTE | |||
r-oldrel-macos-x86_64 | 0.0.5 | 373.00 | NOTE | |||
r-oldrel-windows-x86_64 | 0.0.5 | 172.00 | 153.00 | 325.00 | NOTE |
Version: 0.0.5
Check: for GNU extensions in Makefiles
Result: NOTE
GNU make is a SystemRequirements.
Flavors: r-devel-linux-x86_64-debian-clang, r-devel-linux-x86_64-debian-gcc, r-devel-linux-x86_64-fedora-clang, r-devel-linux-x86_64-fedora-gcc, r-devel-windows-x86_64, r-release-linux-x86_64, r-release-macos-arm64, r-release-windows-x86_64, r-oldrel-macos-arm64, r-oldrel-macos-x86_64, r-oldrel-windows-x86_64
Version: 0.0.5
Check: whether package can be installed
Result: ERROR
Installation failed.
Flavor: r-patched-linux-x86_64
Version: 0.0.5
Check: installed package size
Result: NOTE
installed size is 39.3Mb
sub-directories of 1Mb or more:
libs 39.1Mb
Flavors: r-release-macos-arm64, r-oldrel-macos-arm64, r-oldrel-macos-x86_64