Last updated on 2024-05-07 17:50:01 CEST.
Flavor | Version | Tinstall | Tcheck | Ttotal | Status | Flags |
---|---|---|---|---|---|---|
r-devel-linux-x86_64-debian-clang | 1.0.0 | 183.09 | 148.86 | 331.95 | NOTE | |
r-devel-linux-x86_64-debian-gcc | 1.0.0 | 152.33 | 120.33 | 272.66 | NOTE | |
r-devel-linux-x86_64-fedora-clang | 1.0.0 | 409.07 | NOTE | |||
r-devel-linux-x86_64-fedora-gcc | 1.0.0 | 650.10 | NOTE | |||
r-devel-windows-x86_64 | 1.0.0 | 150.00 | 145.00 | 295.00 | NOTE | |
r-patched-linux-x86_64 | 1.0.0 | 0.03 | 2.27 | 2.30 | ERROR | |
r-release-linux-x86_64 | 1.0.0 | 144.12 | 158.72 | 302.84 | NOTE | |
r-release-macos-arm64 | 1.0.0 | 97.00 | NOTE | |||
r-release-windows-x86_64 | 1.0.0 | 144.00 | 143.00 | 287.00 | NOTE | |
r-oldrel-macos-arm64 | 1.0.0 | 81.00 | NOTE | |||
r-oldrel-macos-x86_64 | 1.0.0 | 213.00 | NOTE | |||
r-oldrel-windows-x86_64 | 1.0.0 | 176.00 | 171.00 | 347.00 | NOTE |
Version: 1.0.0
Check: for GNU extensions in Makefiles
Result: NOTE
GNU make is a SystemRequirements.
Flavors: r-devel-linux-x86_64-debian-clang, r-devel-linux-x86_64-debian-gcc, r-devel-linux-x86_64-fedora-clang, r-devel-linux-x86_64-fedora-gcc, r-devel-windows-x86_64, r-release-linux-x86_64, r-release-macos-arm64, r-release-windows-x86_64, r-oldrel-macos-arm64, r-oldrel-macos-x86_64, r-oldrel-windows-x86_64
Version: 1.0.0
Check: whether package can be installed
Result: ERROR
Installation failed.
Flavor: r-patched-linux-x86_64
Version: 1.0.0
Check: installed package size
Result: NOTE
installed size is 43.7Mb
sub-directories of 1Mb or more:
libs 43.1Mb
Flavors: r-release-macos-arm64, r-oldrel-macos-arm64, r-oldrel-macos-x86_64