Last updated on 2024-05-07 09:58:47 CEST.
Flavor | Version | Tinstall | Tcheck | Ttotal | Status | Flags |
---|---|---|---|---|---|---|
r-devel-linux-x86_64-debian-clang | 0.37.3 | 10.03 | 91.26 | 101.29 | OK | |
r-devel-linux-x86_64-debian-gcc | 0.37.3 | 7.92 | 65.35 | 73.27 | OK | |
r-devel-linux-x86_64-fedora-clang | 0.37.3 | 122.50 | OK | |||
r-devel-linux-x86_64-fedora-gcc | 0.37.3 | 174.72 | OK | |||
r-devel-windows-x86_64 | 0.37.3 | 9.00 | 89.00 | 98.00 | OK | |
r-patched-linux-x86_64 | 0.37.3 | 10.99 | 85.63 | 96.62 | OK | |
r-release-linux-x86_64 | 0.37.3 | 10.26 | 84.26 | 94.52 | OK | |
r-release-macos-arm64 | 0.37.3 | 37.00 | OK | |||
r-release-windows-x86_64 | 0.37.3 | 10.00 | 88.00 | 98.00 | OK | |
r-oldrel-macos-arm64 | 0.37.3 | 40.00 | OK | |||
r-oldrel-macos-x86_64 | 0.37.3 | 65.00 | NOTE | |||
r-oldrel-windows-x86_64 | 0.37.3 | 12.00 | 106.00 | 118.00 | OK |
Version: 0.37.3
Check: package dependencies
Result: NOTE
Package which this enhances but not available for checking: ‘caret’
Flavor: r-oldrel-macos-x86_64