Last updated on 2024-05-07 17:50:01 CEST.
Flavor | Version | Tinstall | Tcheck | Ttotal | Status | Flags |
---|---|---|---|---|---|---|
r-devel-linux-x86_64-debian-clang | 1.0.7 | 412.98 | 104.28 | 517.26 | NOTE | |
r-devel-linux-x86_64-debian-gcc | 1.0.7 | 402.18 | 113.64 | 515.82 | NOTE | |
r-devel-linux-x86_64-fedora-clang | 1.0.7 | 690.59 | NOTE | |||
r-devel-linux-x86_64-fedora-gcc | 1.0.7 | 1003.07 | NOTE | |||
r-devel-windows-x86_64 | 1.0.7 | 357.00 | 150.00 | 507.00 | NOTE | |
r-patched-linux-x86_64 | 1.0.7 | 499.62 | 147.15 | 646.77 | NOTE | |
r-release-linux-x86_64 | 1.0.7 | 507.85 | 148.55 | 656.40 | NOTE | |
r-release-macos-arm64 | 1.0.7 | 158.00 | NOTE | |||
r-release-windows-x86_64 | 1.0.7 | 348.00 | 143.00 | 491.00 | NOTE | |
r-oldrel-macos-arm64 | 1.0.7 | 175.00 | NOTE | |||
r-oldrel-macos-x86_64 | 1.0.7 | 291.00 | NOTE | |||
r-oldrel-windows-x86_64 | 1.0.7 | 483.00 | 177.00 | 660.00 | NOTE |
Version: 1.0.7
Check: C++ specification
Result: NOTE
Specified C++11: please drop specification unless essential
Flavors: r-devel-linux-x86_64-debian-clang, r-devel-linux-x86_64-debian-gcc, r-devel-linux-x86_64-fedora-clang, r-devel-linux-x86_64-fedora-gcc, r-devel-windows-x86_64, r-patched-linux-x86_64, r-release-linux-x86_64, r-release-macos-arm64, r-release-windows-x86_64, r-oldrel-macos-arm64, r-oldrel-macos-x86_64, r-oldrel-windows-x86_64
Version: 1.0.7
Check: Rd files
Result: NOTE
checkRd: (-1) gen.data.Rd:42: Lost braces
42 | code{cortype = 2} denotes the constant structure, where the \eqn{(i,j)} entry of covariance
| ^
Flavors: r-devel-linux-x86_64-debian-clang, r-devel-linux-x86_64-debian-gcc, r-devel-linux-x86_64-fedora-clang, r-devel-linux-x86_64-fedora-gcc, r-devel-windows-x86_64, r-patched-linux-x86_64, r-release-linux-x86_64, r-release-macos-arm64, r-release-windows-x86_64
Version: 1.0.7
Check: installed package size
Result: NOTE
installed size is 63.9Mb
sub-directories of 1Mb or more:
data 2.7Mb
libs 60.7Mb
Flavors: r-release-macos-arm64, r-oldrel-macos-arm64, r-oldrel-macos-x86_64