Last updated on 2024-05-08 01:48:08 CEST.
Flavor | Version | Tinstall | Tcheck | Ttotal | Status | Flags |
---|---|---|---|---|---|---|
r-devel-linux-x86_64-debian-clang | 0.0.1 | 38.33 | 35.61 | 73.94 | OK | |
r-devel-linux-x86_64-debian-gcc | 0.0.1 | 34.97 | 27.86 | 62.83 | OK | |
r-devel-linux-x86_64-fedora-clang | 0.0.1 | 113.12 | NOTE | |||
r-devel-linux-x86_64-fedora-gcc | 0.0.1 | 164.01 | NOTE | |||
r-devel-windows-x86_64 | 0.0.1 | 35.00 | 68.00 | 103.00 | OK | |
r-patched-linux-x86_64 | 0.0.1 | 39.68 | 34.79 | 74.47 | OK | |
r-release-linux-x86_64 | 0.0.1 | 45.20 | 34.85 | 80.05 | OK | |
r-release-macos-arm64 | 0.0.1 | 31.00 | OK | |||
r-release-windows-x86_64 | 0.0.1 | 35.00 | 62.00 | 97.00 | OK | |
r-oldrel-macos-arm64 | 0.0.1 | 35.00 | OK | |||
r-oldrel-macos-x86_64 | 0.0.1 | 50.00 | OK | |||
r-oldrel-windows-x86_64 | 0.0.1 | 44.00 | 76.00 | 120.00 | OK |
Version: 0.0.1
Check: dependencies in R code
Result: NOTE
Namespace in Imports field not imported from: ‘survival’
All declared Imports should be used.
Flavors: r-devel-linux-x86_64-fedora-clang, r-devel-linux-x86_64-fedora-gcc