Last updated on 2024-05-07 17:50:01 CEST.
Flavor | Version | Tinstall | Tcheck | Ttotal | Status | Flags |
---|---|---|---|---|---|---|
r-devel-linux-x86_64-debian-clang | 1.1.0 | 124.84 | 68.09 | 192.93 | OK | |
r-devel-linux-x86_64-debian-gcc | 1.1.0 | 99.58 | 50.44 | 150.02 | OK | |
r-devel-linux-x86_64-fedora-gcc | 1.1.0 | 325.45 | OK | |||
r-devel-windows-x86_64 | 1.1.0 | 269.00 | 133.00 | 402.00 | NOTE | |
r-patched-linux-x86_64 | 1.1.0 | 126.70 | 65.20 | 191.90 | OK | |
r-release-linux-x86_64 | 1.1.0 | 127.87 | 64.41 | 192.28 | OK | |
r-release-macos-arm64 | 1.1.0 | 70.00 | NOTE | |||
r-release-macos-x86_64 | 1.1.0 | 135.00 | NOTE | |||
r-release-windows-x86_64 | 1.1.0 | 268.00 | 118.00 | 386.00 | NOTE | |
r-oldrel-macos-arm64 | 1.1.0 | 80.00 | NOTE | |||
r-oldrel-macos-x86_64 | 1.1.0 | 109.00 | NOTE | |||
r-oldrel-windows-x86_64 | 1.1.0 | 276.00 | 271.00 | 547.00 | NOTE |
Version: 1.1.0
Check: installed package size
Result: NOTE
installed size is 16.5Mb
sub-directories of 1Mb or more:
libs 16.2Mb
Flavors: r-devel-windows-x86_64, r-release-macos-arm64, r-release-macos-x86_64, r-release-windows-x86_64, r-oldrel-macos-arm64, r-oldrel-macos-x86_64, r-oldrel-windows-x86_64