Last updated on 2024-05-02 21:52:37 CEST.
Flavor | Version | Tinstall | Tcheck | Ttotal | Status | Flags |
---|---|---|---|---|---|---|
r-devel-linux-x86_64-debian-clang | 1.2.3 | 9.43 | 74.28 | 83.71 | NOTE | |
r-devel-linux-x86_64-debian-gcc | 1.2.3 | 7.98 | 56.06 | 64.04 | NOTE | |
r-devel-linux-x86_64-fedora-clang | 1.2.3 | 100.74 | NOTE | |||
r-devel-linux-x86_64-fedora-gcc | 1.2.3 | 97.24 | NOTE | |||
r-devel-windows-x86_64 | 1.2.3 | 9.00 | 85.00 | 94.00 | NOTE | |
r-patched-linux-x86_64 | 1.2.3 | 9.34 | 69.85 | 79.19 | NOTE | |
r-release-linux-x86_64 | 1.2.3 | 9.50 | 72.86 | 82.36 | NOTE | |
r-release-macos-arm64 | 1.2.3 | 34.00 | NOTE | |||
r-release-windows-x86_64 | 1.2.3 | 10.00 | 84.00 | 94.00 | NOTE | |
r-oldrel-macos-arm64 | 1.2.3 | 35.00 | OK | |||
r-oldrel-macos-x86_64 | 1.2.3 | 54.00 | OK | |||
r-oldrel-windows-x86_64 | 1.2.3 | 12.00 | 94.00 | 106.00 | OK |
Version: 1.2.3
Check: Rd files
Result: NOTE
checkRd: (-1) mmds.2D.multi.Rd:118: Lost braces
118 | a numeric value in inches indicating the height of graph outfile. Default differs by outfile.type. The resolution for tiff and png figures is 150 dpi. See \code{pdf}, code{tiff}, \code{png}, \code{postscript}.
| ^
checkRd: (-1) mmds.2D.plot.Rd:134: Lost braces
134 | a numeric value in inches indicating the height of graph outfile. Default differs by outfile.type. The resolution for tiff and png figures is 150 dpi. See \code{pdf}, code{tiff}, \code{png}, \code{postscript}.
| ^
Flavors: r-devel-linux-x86_64-debian-clang, r-devel-linux-x86_64-debian-gcc, r-devel-linux-x86_64-fedora-clang, r-devel-linux-x86_64-fedora-gcc, r-devel-windows-x86_64, r-patched-linux-x86_64, r-release-linux-x86_64, r-release-macos-arm64, r-release-windows-x86_64