Last updated on 2024-05-08 01:48:09 CEST.
Flavor | Version | Tinstall | Tcheck | Ttotal | Status | Flags |
---|---|---|---|---|---|---|
r-devel-linux-x86_64-debian-clang | 0.3 | 14.62 | 126.47 | 141.09 | OK | |
r-devel-linux-x86_64-debian-gcc | 0.3 | 10.00 | 91.34 | 101.34 | OK | |
r-devel-linux-x86_64-fedora-clang | 0.3 | 169.90 | NOTE | |||
r-devel-linux-x86_64-fedora-gcc | 0.3 | 265.26 | NOTE | |||
r-devel-windows-x86_64 | 0.3 | 13.00 | 111.00 | 124.00 | OK | |
r-patched-linux-x86_64 | 0.3 | 17.58 | 116.97 | 134.55 | OK | |
r-release-linux-x86_64 | 0.3 | 13.93 | 118.02 | 131.95 | OK | |
r-release-macos-arm64 | 0.3 | 55.00 | OK | |||
r-release-windows-x86_64 | 0.3 | 14.00 | 108.00 | 122.00 | OK | |
r-oldrel-macos-arm64 | 0.3 | 51.00 | OK | |||
r-oldrel-macos-x86_64 | 0.3 | 87.00 | OK | |||
r-oldrel-windows-x86_64 | 0.3 | 18.00 | 131.00 | 149.00 | OK |
Version: 0.3
Check: dependencies in R code
Result: NOTE
Namespace in Imports field not imported from: ‘MASS’
All declared Imports should be used.
Flavors: r-devel-linux-x86_64-fedora-clang, r-devel-linux-x86_64-fedora-gcc