Last updated on 2024-05-07 21:48:19 CEST.
Flavor | Version | Tinstall | Tcheck | Ttotal | Status | Flags |
---|---|---|---|---|---|---|
r-devel-linux-x86_64-debian-clang | 0.1.0 | 14.19 | 45.77 | 59.96 | OK | |
r-devel-linux-x86_64-debian-gcc | 0.1.0 | 11.04 | 34.49 | 45.53 | OK | |
r-devel-linux-x86_64-fedora-clang | 0.1.0 | 78.41 | NOTE | |||
r-devel-linux-x86_64-fedora-gcc | 0.1.0 | 94.54 | NOTE | |||
r-devel-windows-x86_64 | 0.1.0 | 10.00 | 59.00 | 69.00 | OK | |
r-patched-linux-x86_64 | 0.1.0 | 9.41 | 43.67 | 53.08 | OK | |
r-release-linux-x86_64 | 0.1.0 | 11.08 | 44.83 | 55.91 | OK | |
r-release-macos-arm64 | 0.1.0 | 33.00 | OK | |||
r-release-windows-x86_64 | 0.1.0 | 11.00 | 59.00 | 70.00 | OK | |
r-oldrel-macos-arm64 | 0.1.0 | 34.00 | OK | |||
r-oldrel-macos-x86_64 | 0.1.0 | 52.00 | OK | |||
r-oldrel-windows-x86_64 | 0.1.0 | 13.00 | 63.00 | 76.00 | OK |
Version: 0.1.0
Check: dependencies in R code
Result: NOTE
Namespace in Imports field not imported from: ‘R6’
All declared Imports should be used.
Flavors: r-devel-linux-x86_64-fedora-clang, r-devel-linux-x86_64-fedora-gcc