Last updated on 2024-05-04 13:49:01 CEST.
Flavor | Version | Tinstall | Tcheck | Ttotal | Status | Flags |
---|---|---|---|---|---|---|
r-devel-linux-x86_64-debian-clang | 1.2.5 | 105.14 | 107.71 | 212.85 | OK | |
r-devel-linux-x86_64-debian-gcc | 1.2.5 | 78.53 | 76.12 | 154.65 | OK | |
r-devel-linux-x86_64-fedora-clang | 1.2.5 | 271.01 | NOTE | |||
r-devel-linux-x86_64-fedora-gcc | 1.2.5 | 259.03 | OK | |||
r-devel-windows-x86_64 | 1.2.5 | 84.00 | 103.00 | 187.00 | OK | |
r-patched-linux-x86_64 | 1.2.5 | 90.42 | 101.47 | 191.89 | OK | |
r-release-linux-x86_64 | 1.2.5 | 89.87 | 98.64 | 188.51 | OK | |
r-release-macos-arm64 | 1.2.5 | 95.00 | OK | |||
r-release-macos-x86_64 | 1.2.5 | 142.00 | OK | |||
r-release-windows-x86_64 | 1.2.5 | 83.00 | 98.00 | 181.00 | OK | |
r-oldrel-macos-arm64 | 1.2.5 | 80.00 | OK | |||
r-oldrel-macos-x86_64 | 1.2.5 | 112.00 | OK | |||
r-oldrel-windows-x86_64 | 1.2.5 | 99.00 | 119.00 | 218.00 | OK |
Version: 1.2.5
Check: installed package size
Result: NOTE
installed size is 7.3Mb
sub-directories of 1Mb or more:
libs 6.6Mb
Flavor: r-devel-linux-x86_64-fedora-clang