Last updated on 2024-05-02 21:52:38 CEST.
Flavor | Version | Tinstall | Tcheck | Ttotal | Status | Flags |
---|---|---|---|---|---|---|
r-devel-linux-x86_64-debian-clang | 0.2.0 | 100.27 | 159.52 | 259.79 | NOTE | |
r-devel-linux-x86_64-debian-gcc | 0.2.0 | 71.56 | 117.64 | 189.20 | NOTE | |
r-devel-linux-x86_64-fedora-clang | 0.2.0 | 357.78 | NOTE | |||
r-devel-linux-x86_64-fedora-gcc | 0.2.0 | 356.24 | NOTE | |||
r-devel-windows-x86_64 | 0.2.0 | 86.00 | 153.00 | 239.00 | NOTE | |
r-patched-linux-x86_64 | 0.2.0 | 94.06 | 153.64 | 247.70 | NOTE | |
r-release-linux-x86_64 | 0.2.0 | 94.51 | 154.38 | 248.89 | NOTE | |
r-release-macos-arm64 | 0.2.0 | 87.00 | NOTE | |||
r-release-windows-x86_64 | 0.2.0 | 80.00 | 154.00 | 234.00 | NOTE | |
r-oldrel-macos-arm64 | 0.2.0 | 96.00 | NOTE | |||
r-oldrel-macos-x86_64 | 0.2.0 | 156.00 | NOTE | |||
r-oldrel-windows-x86_64 | 0.2.0 | 99.00 | 189.00 | 288.00 | NOTE |
Version: 0.2.0
Check: C++ specification
Result: NOTE
Specified C++11: please drop specification unless essential
Flavors: r-devel-linux-x86_64-debian-clang, r-devel-linux-x86_64-debian-gcc, r-devel-linux-x86_64-fedora-clang, r-devel-linux-x86_64-fedora-gcc, r-devel-windows-x86_64, r-patched-linux-x86_64, r-release-linux-x86_64, r-release-macos-arm64, r-release-windows-x86_64, r-oldrel-macos-arm64, r-oldrel-macos-x86_64, r-oldrel-windows-x86_64