Last updated on 2024-05-07 09:58:48 CEST.
Flavor | Version | Tinstall | Tcheck | Ttotal | Status | Flags |
---|---|---|---|---|---|---|
r-devel-linux-x86_64-debian-clang | 0.2.2 | 3.96 | 51.64 | 55.60 | NOTE | |
r-devel-linux-x86_64-debian-gcc | 0.2.2 | 3.23 | 37.86 | 41.09 | NOTE | |
r-devel-linux-x86_64-fedora-clang | 0.2.2 | 69.93 | NOTE | |||
r-devel-linux-x86_64-fedora-gcc | 0.2.2 | 103.08 | NOTE | |||
r-devel-windows-x86_64 | 0.2.2 | 5.00 | 59.00 | 64.00 | NOTE | |
r-patched-linux-x86_64 | 0.2.2 | 2.94 | 48.68 | 51.62 | NOTE | |
r-release-linux-x86_64 | 0.2.2 | 2.79 | 48.79 | 51.58 | NOTE | |
r-release-macos-arm64 | 0.2.2 | 31.00 | NOTE | |||
r-release-windows-x86_64 | 0.2.2 | 5.00 | 60.00 | 65.00 | NOTE | |
r-oldrel-macos-arm64 | 0.2.2 | 29.00 | NOTE | |||
r-oldrel-macos-x86_64 | 0.2.2 | 42.00 | NOTE | |||
r-oldrel-windows-x86_64 | 0.2.2 | 6.00 | 62.00 | 68.00 | NOTE |
Version: 0.2.2
Check: LazyData
Result: NOTE
'LazyData' is specified without a 'data' directory
Flavors: r-devel-linux-x86_64-debian-clang, r-devel-linux-x86_64-debian-gcc, r-devel-linux-x86_64-fedora-clang, r-devel-linux-x86_64-fedora-gcc, r-devel-windows-x86_64, r-patched-linux-x86_64, r-release-linux-x86_64, r-release-macos-arm64, r-release-windows-x86_64, r-oldrel-macos-arm64, r-oldrel-macos-x86_64, r-oldrel-windows-x86_64