Last updated on 2024-04-28 06:02:37 CEST.
Flavor | Version | Tinstall | Tcheck | Ttotal | Status | Flags |
---|---|---|---|---|---|---|
r-devel-linux-x86_64-debian-clang | 0.1.2 | 29.11 | 33.98 | 63.09 | NOTE | |
r-devel-linux-x86_64-debian-gcc | 0.1.2 | 25.35 | 25.30 | 50.65 | NOTE | |
r-devel-linux-x86_64-fedora-clang | 0.1.2 | 99.68 | NOTE | |||
r-devel-linux-x86_64-fedora-gcc | 0.1.2 | 90.96 | NOTE | |||
r-devel-windows-x86_64 | 0.1.2 | 25.00 | 61.00 | 86.00 | NOTE | |
r-patched-linux-x86_64 | 0.1.2 | 31.20 | 32.49 | 63.69 | NOTE | |
r-release-linux-x86_64 | 0.1.2 | 27.65 | 32.42 | 60.07 | NOTE | |
r-release-macos-arm64 | 0.1.2 | 109.00 | NOTE | |||
r-release-windows-x86_64 | 0.1.2 | 27.00 | 65.00 | 92.00 | NOTE | |
r-oldrel-macos-arm64 | 0.1.2 | 50.00 | NOTE | |||
r-oldrel-macos-x86_64 | 0.1.2 | 80.00 | NOTE | |||
r-oldrel-windows-x86_64 | 0.1.2 | 33.00 | 71.00 | 104.00 | NOTE |
Version: 0.1.2
Check: LazyData
Result: NOTE
'LazyData' is specified without a 'data' directory
Flavors: r-devel-linux-x86_64-debian-clang, r-devel-linux-x86_64-debian-gcc, r-devel-linux-x86_64-fedora-clang, r-devel-linux-x86_64-fedora-gcc, r-devel-windows-x86_64, r-patched-linux-x86_64, r-release-linux-x86_64, r-release-macos-arm64, r-release-windows-x86_64, r-oldrel-macos-arm64, r-oldrel-macos-x86_64, r-oldrel-windows-x86_64