Last updated on 2024-05-07 17:50:02 CEST.
Flavor | Version | Tinstall | Tcheck | Ttotal | Status | Flags |
---|---|---|---|---|---|---|
r-devel-linux-x86_64-debian-clang | 2.0.3 | 42.65 | 86.57 | 129.22 | NOTE | |
r-devel-linux-x86_64-debian-gcc | 2.0.3 | 35.60 | 64.66 | 100.26 | NOTE | |
r-devel-linux-x86_64-fedora-clang | 2.0.3 | 180.29 | NOTE | |||
r-devel-linux-x86_64-fedora-gcc | 2.0.3 | 233.28 | NOTE | |||
r-devel-windows-x86_64 | 2.0.3 | 38.00 | 103.00 | 141.00 | NOTE | |
r-patched-linux-x86_64 | 2.0.3 | 40.81 | 83.30 | 124.11 | NOTE | |
r-release-linux-x86_64 | 2.0.3 | 40.85 | 82.70 | 123.55 | NOTE | |
r-release-macos-arm64 | 2.0.3 | 49.00 | NOTE | |||
r-release-windows-x86_64 | 2.0.3 | 37.00 | 100.00 | 137.00 | NOTE | |
r-oldrel-macos-arm64 | 2.0.3 | 57.00 | NOTE | |||
r-oldrel-macos-x86_64 | 2.0.3 | 89.00 | NOTE | |||
r-oldrel-windows-x86_64 | 2.0.3 | 44.00 | 122.00 | 166.00 | NOTE |
Version: 2.0.3
Check: C++ specification
Result: NOTE
Specified C++11: please drop specification unless essential
Flavors: r-devel-linux-x86_64-debian-clang, r-devel-linux-x86_64-debian-gcc, r-devel-linux-x86_64-fedora-clang, r-devel-linux-x86_64-fedora-gcc, r-devel-windows-x86_64, r-patched-linux-x86_64, r-release-linux-x86_64, r-release-macos-arm64, r-release-windows-x86_64, r-oldrel-macos-arm64, r-oldrel-macos-x86_64, r-oldrel-windows-x86_64