Last updated on 2024-05-07 09:58:49 CEST.
Flavor | Version | Tinstall | Tcheck | Ttotal | Status | Flags |
---|---|---|---|---|---|---|
r-devel-linux-x86_64-debian-clang | 0.2.3 | 2.78 | 42.45 | 45.23 | OK | |
r-devel-linux-x86_64-debian-gcc | 0.2.3 | 1.82 | 32.30 | 34.12 | OK | |
r-devel-linux-x86_64-fedora-clang | 0.2.3 | 56.52 | NOTE | |||
r-devel-linux-x86_64-fedora-gcc | 0.2.3 | 80.49 | NOTE | |||
r-devel-windows-x86_64 | 0.2.3 | 4.00 | 85.00 | 89.00 | OK | |
r-patched-linux-x86_64 | 0.2.3 | 3.39 | 40.44 | 43.83 | OK | |
r-release-linux-x86_64 | 0.2.3 | 2.85 | 40.98 | 43.83 | OK | |
r-release-macos-arm64 | 0.2.3 | 58.00 | OK | |||
r-release-windows-x86_64 | 0.2.3 | 3.00 | 51284.00 | 51287.00 | OK | |
r-oldrel-macos-arm64 | 0.2.3 | 71.00 | OK | |||
r-oldrel-macos-x86_64 | 0.2.3 | 65.00 | OK | |||
r-oldrel-windows-x86_64 | 0.2.3 | 4.00 | 92.00 | 96.00 | OK |
Version: 0.2.3
Check: dependencies in R code
Result: NOTE
Namespace in Imports field not imported from: ‘dbplyr’
All declared Imports should be used.
Flavors: r-devel-linux-x86_64-fedora-clang, r-devel-linux-x86_64-fedora-gcc