Last updated on 2024-05-04 13:49:02 CEST.
Flavor | Version | Tinstall | Tcheck | Ttotal | Status | Flags |
---|---|---|---|---|---|---|
r-devel-linux-x86_64-debian-clang | 1.1.2 | 11.03 | 78.46 | 89.49 | NOTE | |
r-devel-linux-x86_64-debian-gcc | 1.1.2 | 7.64 | 59.12 | 66.76 | NOTE | |
r-devel-linux-x86_64-fedora-clang | 1.1.2 | 114.33 | NOTE | |||
r-devel-linux-x86_64-fedora-gcc | 1.1.2 | 125.60 | NOTE | |||
r-devel-windows-x86_64 | 1.1.2 | 9.00 | 74.00 | 83.00 | NOTE | |
r-patched-linux-x86_64 | 1.1.2 | 10.30 | 76.36 | 86.66 | NOTE | |
r-release-linux-x86_64 | 1.1.2 | 7.33 | 75.24 | 82.57 | NOTE | |
r-release-macos-arm64 | 1.1.2 | 37.00 | NOTE | |||
r-release-windows-x86_64 | 1.1.2 | 9.00 | 74.00 | 83.00 | NOTE | |
r-oldrel-macos-arm64 | 1.1.2 | 40.00 | NOTE | |||
r-oldrel-macos-x86_64 | 1.1.2 | 59.00 | NOTE | |||
r-oldrel-windows-x86_64 | 1.1.2 | 11.00 | 87.00 | 98.00 | NOTE |
Version: 1.1.2
Check: LazyData
Result: NOTE
'LazyData' is specified without a 'data' directory
Flavors: r-devel-linux-x86_64-debian-clang, r-devel-linux-x86_64-debian-gcc, r-devel-linux-x86_64-fedora-clang, r-devel-linux-x86_64-fedora-gcc, r-devel-windows-x86_64, r-patched-linux-x86_64, r-release-linux-x86_64, r-release-macos-arm64, r-release-windows-x86_64, r-oldrel-macos-arm64, r-oldrel-macos-x86_64, r-oldrel-windows-x86_64