Last updated on 2024-05-07 06:11:33 CEST.
Flavor | Version | Tinstall | Tcheck | Ttotal | Status | Flags |
---|---|---|---|---|---|---|
r-devel-linux-x86_64-debian-clang | 1.5.1 | 17.07 | 209.36 | 226.43 | OK | |
r-devel-linux-x86_64-debian-gcc | 1.5.1 | 12.13 | 149.28 | 161.41 | OK | |
r-devel-linux-x86_64-fedora-clang | 1.5.1 | 287.70 | NOTE | |||
r-devel-linux-x86_64-fedora-gcc | 1.5.1 | 329.63 | OK | |||
r-devel-windows-x86_64 | 1.5.1 | 14.00 | 175.00 | 189.00 | NOTE | |
r-patched-linux-x86_64 | 1.5.1 | 10.71 | 193.17 | 203.88 | OK | |
r-release-linux-x86_64 | 1.5.1 | 10.44 | 196.91 | 207.35 | OK | |
r-release-macos-arm64 | 1.5.1 | 93.00 | NOTE | |||
r-release-macos-x86_64 | 1.5.1 | 231.00 | NOTE | |||
r-release-windows-x86_64 | 1.5.1 | 14.00 | 175.00 | 189.00 | NOTE | |
r-oldrel-macos-arm64 | 1.5.1 | 98.00 | NOTE | |||
r-oldrel-macos-x86_64 | 1.5.1 | 226.00 | NOTE | |||
r-oldrel-windows-x86_64 | 1.5.1 | 17.00 | 210.00 | 227.00 | NOTE |
Version: 1.5.1
Check: installed package size
Result: NOTE
installed size is 5.7Mb
sub-directories of 1Mb or more:
doc 4.3Mb
Flavors: r-devel-linux-x86_64-fedora-clang, r-devel-windows-x86_64, r-release-macos-arm64, r-release-macos-x86_64, r-release-windows-x86_64, r-oldrel-macos-arm64, r-oldrel-macos-x86_64, r-oldrel-windows-x86_64