Last updated on 2024-05-07 09:58:49 CEST.
Flavor | Version | Tinstall | Tcheck | Ttotal | Status | Flags |
---|---|---|---|---|---|---|
r-devel-linux-x86_64-debian-clang | 0.2.3 | 160.88 | 607.62 | 768.50 | NOTE | |
r-devel-linux-x86_64-debian-gcc | 0.2.3 | 139.69 | 493.94 | 633.63 | NOTE | |
r-devel-linux-x86_64-fedora-clang | 0.2.3 | 934.41 | NOTE | |||
r-devel-linux-x86_64-fedora-gcc | 0.2.3 | 1255.86 | NOTE | |||
r-devel-windows-x86_64 | 0.2.3 | 142.00 | 423.00 | 565.00 | NOTE | |
r-patched-linux-x86_64 | 0.2.3 | 124.73 | 645.49 | 770.22 | NOTE | |
r-release-linux-x86_64 | 0.2.3 | 173.71 | 634.03 | 807.74 | NOTE | |
r-release-macos-arm64 | 0.2.3 | 204.00 | NOTE | |||
r-release-windows-x86_64 | 0.2.3 | 140.00 | 423.00 | 563.00 | NOTE | |
r-oldrel-macos-arm64 | 0.2.3 | 249.00 | NOTE | |||
r-oldrel-macos-x86_64 | 0.2.3 | 779.00 | NOTE | |||
r-oldrel-windows-x86_64 | 0.2.3 | 162.00 | 560.00 | 722.00 | NOTE |
Version: 0.2.3
Check: for GNU extensions in Makefiles
Result: NOTE
GNU make is a SystemRequirements.
Flavors: r-devel-linux-x86_64-debian-clang, r-devel-linux-x86_64-debian-gcc, r-devel-linux-x86_64-fedora-clang, r-devel-linux-x86_64-fedora-gcc, r-devel-windows-x86_64, r-patched-linux-x86_64, r-release-linux-x86_64, r-release-macos-arm64, r-release-windows-x86_64, r-oldrel-macos-arm64, r-oldrel-macos-x86_64, r-oldrel-windows-x86_64
Version: 0.2.3
Check: installed package size
Result: NOTE
installed size is 38.5Mb
sub-directories of 1Mb or more:
libs 36.4Mb
Flavors: r-release-macos-arm64, r-oldrel-macos-arm64, r-oldrel-macos-x86_64