Last updated on 2024-05-07 13:51:28 CEST.
Flavor | Version | Tinstall | Tcheck | Ttotal | Status | Flags |
---|---|---|---|---|---|---|
r-devel-linux-x86_64-debian-clang | 0.9.4 | 93.38 | 91.87 | 185.25 | OK | |
r-devel-linux-x86_64-debian-gcc | 0.9.4 | 72.00 | 71.68 | 143.68 | OK | |
r-devel-linux-x86_64-fedora-clang | 0.9.4 | 260.78 | NOTE | |||
r-devel-linux-x86_64-fedora-gcc | 0.9.4 | 414.53 | NOTE | |||
r-devel-windows-x86_64 | 0.9.4 | 73.00 | 104.00 | 177.00 | OK | |
r-patched-linux-x86_64 | 0.9.4 | 89.13 | 88.53 | 177.66 | OK | |
r-release-linux-x86_64 | 0.9.4 | 91.89 | 87.98 | 179.87 | OK | |
r-release-macos-arm64 | 0.9.4 | 100.00 | NOTE | |||
r-release-macos-x86_64 | 0.9.4 | 160.00 | NOTE | |||
r-release-windows-x86_64 | 0.9.4 | 72.00 | 108.00 | 180.00 | OK | |
r-oldrel-macos-arm64 | 0.9.4 | 109.00 | NOTE | |||
r-oldrel-macos-x86_64 | 0.9.4 | 151.00 | NOTE | |||
r-oldrel-windows-x86_64 | 0.9.4 | 87.00 | 123.00 | 210.00 | OK |
Version: 0.9.4
Check: dependencies in R code
Result: NOTE
Namespace in Imports field not imported from: ‘R6’
All declared Imports should be used.
Flavors: r-devel-linux-x86_64-fedora-clang, r-devel-linux-x86_64-fedora-gcc
Version: 0.9.4
Check: installed package size
Result: NOTE
installed size is 16.6Mb
sub-directories of 1Mb or more:
libs 16.0Mb
Flavors: r-release-macos-arm64, r-release-macos-x86_64, r-oldrel-macos-arm64, r-oldrel-macos-x86_64