Last updated on 2024-05-04 13:49:02 CEST.
Flavor | Version | Tinstall | Tcheck | Ttotal | Status | Flags |
---|---|---|---|---|---|---|
r-devel-linux-x86_64-debian-clang | 2.3.4 | 7.27 | 103.50 | 110.77 | NOTE | |
r-devel-linux-x86_64-debian-gcc | 2.3.4 | 8.38 | 75.19 | 83.57 | NOTE | |
r-devel-linux-x86_64-fedora-clang | 2.3.4 | 148.54 | NOTE | |||
r-devel-linux-x86_64-fedora-gcc | 2.3.4 | 150.43 | NOTE | |||
r-devel-windows-x86_64 | 2.3.4 | 9.00 | 98.00 | 107.00 | NOTE | --no-vignettes |
r-patched-linux-x86_64 | 2.3.4 | 11.93 | 95.67 | 107.60 | NOTE | |
r-release-linux-x86_64 | 2.3.4 | 10.37 | 95.48 | 105.85 | NOTE | |
r-release-macos-arm64 | 2.3.4 | 50.00 | NOTE | |||
r-release-windows-x86_64 | 2.3.4 | 9.00 | 101.00 | 110.00 | NOTE | --no-vignettes |
r-oldrel-macos-arm64 | 2.3.4 | 49.00 | NOTE | |||
r-oldrel-macos-x86_64 | 2.3.4 | 81.00 | NOTE | |||
r-oldrel-windows-x86_64 | 2.3.4 | 12.00 | 101.00 | 113.00 | NOTE | --no-vignettes |
Version: 2.3.4
Check: LazyData
Result: NOTE
'LazyData' is specified without a 'data' directory
Flavors: r-devel-linux-x86_64-debian-clang, r-devel-linux-x86_64-debian-gcc, r-devel-linux-x86_64-fedora-clang, r-devel-linux-x86_64-fedora-gcc, r-patched-linux-x86_64, r-release-linux-x86_64, r-release-macos-arm64, r-oldrel-macos-arm64, r-oldrel-macos-x86_64
Version: 2.3.4
Flags: --no-vignettes
Check: LazyData
Result: NOTE
'LazyData' is specified without a 'data' directory
Flavors: r-devel-windows-x86_64, r-release-windows-x86_64, r-oldrel-windows-x86_64