Last updated on 2024-05-04 13:49:02 CEST.
Flavor | Version | Tinstall | Tcheck | Ttotal | Status | Flags |
---|---|---|---|---|---|---|
r-devel-linux-x86_64-debian-clang | 1.1-4 | 5.24 | 39.28 | 44.52 | NOTE | |
r-devel-linux-x86_64-debian-gcc | 1.1-4 | 3.55 | 30.57 | 34.12 | NOTE | |
r-devel-linux-x86_64-fedora-clang | 1.1-4 | 59.99 | NOTE | |||
r-devel-linux-x86_64-fedora-gcc | 1.1-4 | 62.79 | NOTE | |||
r-devel-windows-x86_64 | 1.1-4 | 5.00 | 52.00 | 57.00 | NOTE | |
r-patched-linux-x86_64 | 1.1-4 | 6.26 | 39.29 | 45.55 | NOTE | |
r-release-linux-x86_64 | 1.1-4 | 5.33 | 39.07 | 44.40 | NOTE | |
r-release-macos-arm64 | 1.1-4 | 20.00 | NOTE | |||
r-release-windows-x86_64 | 1.1-4 | 6.00 | 51.00 | 57.00 | NOTE | |
r-oldrel-macos-arm64 | 1.1-4 | 23.00 | NOTE | |||
r-oldrel-macos-x86_64 | 1.1-4 | 30.00 | NOTE | |||
r-oldrel-windows-x86_64 | 1.1-4 | 7.00 | 54.00 | 61.00 | NOTE |
Version: 1.1-4
Check: package dependencies
Result: NOTE
Package which this enhances but not available for checking: ‘rkward’
Flavors: r-devel-linux-x86_64-debian-clang, r-devel-linux-x86_64-debian-gcc, r-devel-linux-x86_64-fedora-clang, r-devel-linux-x86_64-fedora-gcc, r-devel-windows-x86_64, r-patched-linux-x86_64, r-release-linux-x86_64, r-release-macos-arm64, r-release-windows-x86_64, r-oldrel-macos-arm64, r-oldrel-macos-x86_64, r-oldrel-windows-x86_64