Last updated on 2024-05-07 17:50:03 CEST.
Flavor | Version | Tinstall | Tcheck | Ttotal | Status | Flags |
---|---|---|---|---|---|---|
r-devel-linux-x86_64-debian-clang | 0.2.1 | 5.66 | 51.79 | 57.45 | OK | |
r-devel-linux-x86_64-debian-gcc | 0.2.1 | 4.13 | 38.75 | 42.88 | OK | |
r-devel-linux-x86_64-fedora-clang | 0.2.1 | 72.63 | NOTE | |||
r-devel-linux-x86_64-fedora-gcc | 0.2.1 | 106.44 | OK | |||
r-devel-windows-x86_64 | 0.2.1 | 6.00 | 66.00 | 72.00 | OK | |
r-patched-linux-x86_64 | 0.2.1 | 4.51 | 49.68 | 54.19 | OK | |
r-release-linux-x86_64 | 0.2.1 | 6.17 | 49.90 | 56.07 | OK | |
r-release-macos-arm64 | 0.2.1 | 31.00 | OK | |||
r-release-windows-x86_64 | 0.2.1 | 7.00 | 65.00 | 72.00 | OK | |
r-oldrel-macos-arm64 | 0.2.1 | 30.00 | OK | |||
r-oldrel-macos-x86_64 | 0.2.1 | 87.00 | OK | |||
r-oldrel-windows-x86_64 | 0.2.1 | 8.00 | 67.00 | 75.00 | OK |
Version: 0.2.1
Check: installed package size
Result: NOTE
installed size is 5.0Mb
sub-directories of 1Mb or more:
htmlwidgets 3.9Mb
Flavor: r-devel-linux-x86_64-fedora-clang