Last updated on 2024-05-07 06:11:34 CEST.
Flavor | Version | Tinstall | Tcheck | Ttotal | Status | Flags |
---|---|---|---|---|---|---|
r-devel-linux-x86_64-debian-clang | 1.2.4 | 7.59 | 66.31 | 73.90 | OK | |
r-devel-linux-x86_64-debian-gcc | 1.2.4 | 5.35 | 49.29 | 54.64 | OK | |
r-devel-linux-x86_64-fedora-clang | 1.2.4 | 93.80 | NOTE | |||
r-devel-linux-x86_64-fedora-gcc | 1.2.4 | 129.68 | NOTE | |||
r-devel-windows-x86_64 | 1.2.4 | 9.00 | 77.00 | 86.00 | OK | |
r-patched-linux-x86_64 | 1.2.4 | 6.75 | 64.75 | 71.50 | OK | |
r-release-linux-x86_64 | 1.2.4 | 7.57 | 64.11 | 71.68 | OK | |
r-release-macos-arm64 | 1.2.4 | 37.00 | OK | |||
r-release-windows-x86_64 | 1.2.4 | 8.00 | 77.00 | 85.00 | OK | |
r-oldrel-macos-arm64 | 1.2.4 | 41.00 | OK | |||
r-oldrel-macos-x86_64 | 1.2.4 | 66.00 | OK | |||
r-oldrel-windows-x86_64 | 1.2.4 | 11.00 | 86.00 | 97.00 | OK |
Version: 1.2.4
Check: dependencies in R code
Result: NOTE
Namespaces in Imports field not imported from:
‘knitr’ ‘rmarkdown’
All declared Imports should be used.
Flavors: r-devel-linux-x86_64-fedora-clang, r-devel-linux-x86_64-fedora-gcc