Last updated on 2024-05-07 21:48:22 CEST.
Flavor | Version | Tinstall | Tcheck | Ttotal | Status | Flags |
---|---|---|---|---|---|---|
r-devel-linux-x86_64-debian-clang | 0.2.0 | 25.20 | 293.80 | 319.00 | NOTE | |
r-devel-linux-x86_64-debian-gcc | 0.2.0 | 26.87 | 202.56 | 229.43 | NOTE | |
r-devel-linux-x86_64-fedora-clang | 0.2.0 | 384.07 | NOTE | |||
r-devel-linux-x86_64-fedora-gcc | 0.2.0 | 514.98 | NOTE | |||
r-devel-windows-x86_64 | 0.2.0 | 24.00 | 165.00 | 189.00 | NOTE | |
r-patched-linux-x86_64 | 0.2.0 | 30.46 | 270.52 | 300.98 | NOTE | |
r-release-linux-x86_64 | 0.2.0 | 27.70 | 271.19 | 298.89 | NOTE | |
r-release-macos-arm64 | 0.2.0 | 79.00 | NOTE | |||
r-release-windows-x86_64 | 0.2.0 | 24.00 | 165.00 | 189.00 | NOTE | |
r-oldrel-macos-arm64 | 0.2.0 | 87.00 | NOTE | |||
r-oldrel-macos-x86_64 | 0.2.0 | 149.00 | NOTE | |||
r-oldrel-windows-x86_64 | 0.2.0 | 32.00 | 220.00 | 252.00 | NOTE |
Version: 0.2.0
Check: LazyData
Result: NOTE
'LazyData' is specified without a 'data' directory
Flavors: r-devel-linux-x86_64-debian-clang, r-devel-linux-x86_64-debian-gcc, r-devel-linux-x86_64-fedora-clang, r-devel-linux-x86_64-fedora-gcc, r-devel-windows-x86_64, r-patched-linux-x86_64, r-release-linux-x86_64, r-release-macos-arm64, r-release-windows-x86_64, r-oldrel-macos-arm64, r-oldrel-macos-x86_64, r-oldrel-windows-x86_64