Last updated on 2024-05-05 01:55:14 CEST.
Flavor | Version | Tinstall | Tcheck | Ttotal | Status | Flags |
---|---|---|---|---|---|---|
r-devel-linux-x86_64-debian-clang | 1.0.2 | 4.04 | 55.79 | 59.83 | OK | |
r-devel-linux-x86_64-debian-gcc | 1.0.2 | 3.94 | 40.03 | 43.97 | OK | |
r-devel-linux-x86_64-fedora-clang | 1.0.2 | 76.85 | NOTE | |||
r-devel-linux-x86_64-fedora-gcc | 1.0.2 | 82.07 | NOTE | |||
r-devel-windows-x86_64 | 1.0.2 | 7.00 | 63.00 | 70.00 | OK | |
r-patched-linux-x86_64 | 1.0.2 | 4.24 | 53.54 | 57.78 | OK | |
r-release-linux-x86_64 | 1.0.2 | 2.83 | 53.43 | 56.26 | OK | |
r-release-macos-arm64 | 1.0.2 | 27.00 | OK | |||
r-release-windows-x86_64 | 1.0.2 | 5.00 | 61.00 | 66.00 | OK | |
r-oldrel-macos-arm64 | 1.0.2 | 35.00 | OK | |||
r-oldrel-macos-x86_64 | 1.0.2 | 47.00 | OK | |||
r-oldrel-windows-x86_64 | 1.0.2 | 7.00 | 66.00 | 73.00 | OK |
Version: 1.0.2
Check: dependencies in R code
Result: NOTE
Namespace in Imports field not imported from: ‘pspearman’
All declared Imports should be used.
Flavors: r-devel-linux-x86_64-fedora-clang, r-devel-linux-x86_64-fedora-gcc