Last updated on 2024-05-07 09:58:50 CEST.
Flavor | Version | Tinstall | Tcheck | Ttotal | Status | Flags |
---|---|---|---|---|---|---|
r-devel-linux-x86_64-debian-clang | 0.1.1 | 2.39 | 30.96 | 33.35 | NOTE | |
r-devel-linux-x86_64-debian-gcc | 0.1.1 | 1.78 | 23.72 | 25.50 | NOTE | |
r-devel-linux-x86_64-fedora-clang | 0.1.1 | 43.57 | NOTE | |||
r-devel-linux-x86_64-fedora-gcc | 0.1.1 | 58.72 | NOTE | |||
r-devel-windows-x86_64 | 0.1.1 | 3.00 | 47.00 | 50.00 | OK | |
r-patched-linux-x86_64 | 0.1.1 | 2.48 | 29.34 | 31.82 | NOTE | |
r-release-linux-x86_64 | 0.1.1 | 2.16 | 28.70 | 30.86 | NOTE | |
r-release-macos-arm64 | 0.1.1 | 24.00 | OK | |||
r-release-windows-x86_64 | 0.1.1 | 4.00 | 47.00 | 51.00 | OK | |
r-oldrel-macos-arm64 | 0.1.1 | 24.00 | OK | |||
r-oldrel-macos-x86_64 | 0.1.1 | 33.00 | OK | |||
r-oldrel-windows-x86_64 | 0.1.1 | 4.00 | 45.00 | 49.00 | OK |
Version: 0.1.1
Check: for non-standard things in the check directory
Result: NOTE
Found the following files/directories:
‘my new data set.rds’
Flavors: r-devel-linux-x86_64-debian-clang, r-devel-linux-x86_64-debian-gcc, r-devel-linux-x86_64-fedora-clang, r-devel-linux-x86_64-fedora-gcc, r-patched-linux-x86_64, r-release-linux-x86_64