Last updated on 2024-05-07 13:51:30 CEST.
Flavor | Version | Tinstall | Tcheck | Ttotal | Status | Flags |
---|---|---|---|---|---|---|
r-devel-linux-x86_64-debian-clang | 1.2.0 | 16.48 | 237.55 | 254.03 | NOTE | |
r-devel-linux-x86_64-debian-gcc | 1.2.0 | 11.70 | 186.21 | 197.91 | NOTE | |
r-devel-linux-x86_64-fedora-clang | 1.2.0 | 324.77 | NOTE | |||
r-devel-linux-x86_64-fedora-gcc | 1.2.0 | 413.35 | NOTE | |||
r-devel-windows-x86_64 | 1.2.0 | 11.00 | 222.00 | 233.00 | NOTE | |
r-patched-linux-x86_64 | 1.2.0 | 20.39 | 236.40 | 256.79 | NOTE | |
r-release-linux-x86_64 | 1.2.0 | 16.33 | 240.57 | 256.90 | NOTE | |
r-release-macos-arm64 | 1.2.0 | 148.00 | NOTE | |||
r-release-windows-x86_64 | 1.2.0 | 12.00 | 240.00 | 252.00 | NOTE | |
r-oldrel-macos-arm64 | 1.2.0 | 89.00 | OK | |||
r-oldrel-macos-x86_64 | 1.2.0 | 315.00 | OK | |||
r-oldrel-windows-x86_64 | 1.2.0 | 15.00 | 250.00 | 265.00 | OK |
Version: 1.2.0
Check: Rd files
Result: NOTE
checkRd: (-1) dNMF.Rd:76: Lost braces; missing escapes or markup?
76 | The number of low-dimension (J < {N, M}, Default: 3)
| ^
checkRd: (-1) dNMF.Rd:103: Lost braces; missing escapes or markup?
103 | U : A matrix which has N-rows and J-columns (J < {N, M}).
| ^
checkRd: (-1) dNMF.Rd:104: Lost braces; missing escapes or markup?
104 | V : A matrix which has M-rows and J-columns (J < {N, M}).
| ^
checkRd: (-1) dPLS.Rd:53: Lost braces; missing escapes or markup?
53 | The number of low-dimension (J < {N, M}, Default: 3)
| ^
checkRd: (-1) dPLS.Rd:74: Lost braces; missing escapes or markup?
74 | U : A matrix which has N-rows and J-columns (J < {N, M}).
| ^
checkRd: (-1) dPLS.Rd:75: Lost braces; missing escapes or markup?
75 | V : A matrix which has M-rows and J-columns (J < {N, M}).
| ^
checkRd: (-1) dSVD.Rd:60: Lost braces; missing escapes or markup?
60 | The number of low-dimension (J < {N, M}, Default: 3)
| ^
checkRd: (-1) dSVD.Rd:81: Lost braces; missing escapes or markup?
81 | U : A matrix which has N-rows and J-columns (J < {N, M}).
| ^
checkRd: (-1) dSVD.Rd:82: Lost braces; missing escapes or markup?
82 | V : A matrix which has M-rows and J-columns (J < {N, M}).
| ^
Flavors: r-devel-linux-x86_64-debian-clang, r-devel-linux-x86_64-debian-gcc, r-devel-linux-x86_64-fedora-clang, r-devel-linux-x86_64-fedora-gcc, r-devel-windows-x86_64, r-patched-linux-x86_64, r-release-linux-x86_64, r-release-macos-arm64, r-release-windows-x86_64