Last updated on 2024-05-08 01:48:11 CEST.
Flavor | Version | Tinstall | Tcheck | Ttotal | Status | Flags |
---|---|---|---|---|---|---|
r-devel-linux-x86_64-debian-clang | 0.9.6 | 40.08 | 105.55 | 145.63 | NOTE | |
r-devel-linux-x86_64-debian-gcc | 0.9.6 | 27.87 | 79.76 | 107.63 | NOTE | |
r-devel-linux-x86_64-fedora-clang | 0.9.6 | 183.95 | NOTE | |||
r-devel-linux-x86_64-fedora-gcc | 0.9.6 | 246.20 | NOTE | |||
r-devel-windows-x86_64 | 0.9.6 | 33.00 | 124.00 | 157.00 | NOTE | |
r-patched-linux-x86_64 | 0.9.6 | 32.17 | 102.99 | 135.16 | NOTE | |
r-release-linux-x86_64 | 0.9.6 | 35.58 | 103.26 | 138.84 | NOTE | |
r-release-macos-arm64 | 0.9.6 | 53.00 | NOTE | |||
r-release-windows-x86_64 | 0.9.6 | 36.00 | 125.00 | 161.00 | NOTE | |
r-oldrel-macos-arm64 | 0.9.6 | 57.00 | NOTE | |||
r-oldrel-macos-x86_64 | 0.9.6 | 100.00 | NOTE | |||
r-oldrel-windows-x86_64 | 0.9.6 | 41.00 | 140.00 | 181.00 | NOTE |
Version: 0.9.6
Check: LazyData
Result: NOTE
'LazyData' is specified without a 'data' directory
Flavors: r-devel-linux-x86_64-debian-clang, r-devel-linux-x86_64-debian-gcc, r-devel-linux-x86_64-fedora-clang, r-devel-linux-x86_64-fedora-gcc, r-devel-windows-x86_64, r-patched-linux-x86_64, r-release-linux-x86_64, r-release-macos-arm64, r-release-windows-x86_64, r-oldrel-macos-arm64, r-oldrel-macos-x86_64, r-oldrel-windows-x86_64
Version: 0.9.6
Check: installed package size
Result: NOTE
installed size is 5.2Mb
sub-directories of 1Mb or more:
extdata 2.1Mb
libs 2.3Mb
Flavors: r-release-macos-arm64, r-oldrel-macos-arm64, r-oldrel-macos-x86_64