Last updated on 2024-05-07 13:51:30 CEST.
Flavor | Version | Tinstall | Tcheck | Ttotal | Status | Flags |
---|---|---|---|---|---|---|
r-devel-linux-x86_64-debian-clang | 1.1.0 | 618.64 | 266.87 | 885.51 | NOTE | |
r-devel-linux-x86_64-debian-gcc | 1.1.0 | 461.96 | 223.12 | 685.08 | NOTE | |
r-devel-linux-x86_64-fedora-clang | 1.1.0 | 1011.45 | NOTE | |||
r-devel-linux-x86_64-fedora-gcc | 1.1.0 | 1378.98 | NOTE | |||
r-devel-windows-x86_64 | 1.1.0 | 362.00 | 251.00 | 613.00 | NOTE | |
r-patched-linux-x86_64 | 1.1.0 | 386.13 | 289.58 | 675.71 | NOTE | |
r-release-linux-x86_64 | 1.1.0 | 412.58 | 287.15 | 699.73 | NOTE | |
r-release-macos-arm64 | 1.1.0 | 250.00 | NOTE | |||
r-release-windows-x86_64 | 1.1.0 | 366.00 | 240.00 | 606.00 | NOTE | |
r-oldrel-macos-arm64 | 1.1.0 | 522.00 | NOTE | |||
r-oldrel-macos-x86_64 | 1.1.0 | 611.00 | NOTE | |||
r-oldrel-windows-x86_64 | 1.1.0 | 475.00 | 313.00 | 788.00 | NOTE |
Version: 1.1.0
Check: for GNU extensions in Makefiles
Result: NOTE
GNU make is a SystemRequirements.
Flavors: r-devel-linux-x86_64-debian-clang, r-devel-linux-x86_64-debian-gcc, r-devel-linux-x86_64-fedora-clang, r-devel-linux-x86_64-fedora-gcc, r-devel-windows-x86_64, r-patched-linux-x86_64, r-release-linux-x86_64, r-release-macos-arm64, r-release-windows-x86_64, r-oldrel-macos-arm64, r-oldrel-macos-x86_64, r-oldrel-windows-x86_64
Version: 1.1.0
Check: installed package size
Result: NOTE
installed size is 7.4Mb
sub-directories of 1Mb or more:
libs 6.6Mb
Flavors: r-devel-linux-x86_64-fedora-clang, r-devel-windows-x86_64, r-release-macos-arm64, r-release-windows-x86_64, r-oldrel-macos-arm64, r-oldrel-macos-x86_64, r-oldrel-windows-x86_64