Last updated on 2024-05-07 06:11:35 CEST.
Flavor | Version | Tinstall | Tcheck | Ttotal | Status | Flags |
---|---|---|---|---|---|---|
r-devel-linux-x86_64-debian-clang | 0.1.0 | 31.75 | 31.81 | 63.56 | NOTE | |
r-devel-linux-x86_64-debian-gcc | 0.1.0 | 26.10 | 24.08 | 50.18 | NOTE | |
r-devel-linux-x86_64-fedora-clang | 0.1.0 | 94.92 | NOTE | |||
r-devel-linux-x86_64-fedora-gcc | 0.1.0 | 134.94 | NOTE | |||
r-devel-windows-x86_64 | 0.1.0 | 34.00 | 66.00 | 100.00 | NOTE | |
r-patched-linux-x86_64 | 0.1.0 | 31.44 | 30.61 | 62.05 | NOTE | |
r-release-linux-x86_64 | 0.1.0 | 34.79 | 30.36 | 65.15 | NOTE | |
r-release-macos-arm64 | 0.1.0 | 26.00 | NOTE | |||
r-release-macos-x86_64 | 0.1.0 | 52.00 | NOTE | |||
r-release-windows-x86_64 | 0.1.0 | 35.00 | 65.00 | 100.00 | NOTE | |
r-oldrel-macos-arm64 | 0.1.0 | 31.00 | NOTE | |||
r-oldrel-macos-x86_64 | 0.1.0 | 38.00 | NOTE | |||
r-oldrel-windows-x86_64 | 0.1.0 | 38.00 | 72.00 | 110.00 | NOTE |
Version: 0.1.0
Check: for GNU extensions in Makefiles
Result: NOTE
GNU make is a SystemRequirements.
Flavors: r-devel-linux-x86_64-debian-clang, r-devel-linux-x86_64-debian-gcc, r-devel-linux-x86_64-fedora-clang, r-devel-linux-x86_64-fedora-gcc, r-devel-windows-x86_64, r-patched-linux-x86_64, r-release-linux-x86_64, r-release-macos-arm64, r-release-macos-x86_64, r-release-windows-x86_64, r-oldrel-macos-arm64, r-oldrel-macos-x86_64, r-oldrel-windows-x86_64