Last updated on 2024-05-07 21:48:23 CEST.
Flavor | Version | Tinstall | Tcheck | Ttotal | Status | Flags |
---|---|---|---|---|---|---|
r-devel-linux-x86_64-debian-clang | 0.1.2 | 9.48 | 59.61 | 69.09 | OK | |
r-devel-linux-x86_64-debian-gcc | 0.1.2 | 5.23 | 44.44 | 49.67 | OK | |
r-devel-linux-x86_64-fedora-clang | 0.1.2 | 93.17 | NOTE | |||
r-devel-linux-x86_64-fedora-gcc | 0.1.2 | 127.40 | NOTE | |||
r-devel-windows-x86_64 | 0.1.2 | 8.00 | 62.00 | 70.00 | OK | |
r-patched-linux-x86_64 | 0.1.2 | 5.63 | 57.98 | 63.61 | OK | |
r-release-linux-x86_64 | 0.1.2 | 8.50 | 56.86 | 65.36 | OK | |
r-release-macos-arm64 | 0.1.2 | 42.00 | OK | |||
r-release-macos-x86_64 | 0.1.2 | 58.00 | OK | |||
r-release-windows-x86_64 | 0.1.2 | 9.00 | 63.00 | 72.00 | OK | |
r-oldrel-macos-arm64 | 0.1.2 | 34.00 | OK | |||
r-oldrel-macos-x86_64 | 0.1.2 | 48.00 | OK | |||
r-oldrel-windows-x86_64 | 0.1.2 | 10.00 | 67.00 | 77.00 | OK |
Version: 0.1.2
Check: dependencies in R code
Result: NOTE
Namespaces in Imports field not imported from:
‘ggmulti’ ‘loon’ ‘loon.data’ ‘loon.ggplot’ ‘loon.shiny’ ‘loon.tourr’
‘stats’ ‘zenplots’
All declared Imports should be used.
Flavors: r-devel-linux-x86_64-fedora-clang, r-devel-linux-x86_64-fedora-gcc