Last updated on 2024-05-07 17:50:05 CEST.
Flavor | Version | Tinstall | Tcheck | Ttotal | Status | Flags |
---|---|---|---|---|---|---|
r-devel-linux-x86_64-debian-clang | 0.2.6 | 4.76 | 62.17 | 66.93 | NOTE | |
r-devel-linux-x86_64-debian-gcc | 0.2.6 | 2.97 | 46.67 | 49.64 | NOTE | |
r-devel-linux-x86_64-fedora-clang | 0.2.6 | 83.73 | NOTE | |||
r-devel-linux-x86_64-fedora-gcc | 0.2.6 | 129.25 | NOTE | |||
r-devel-windows-x86_64 | 0.2.6 | 5.00 | 71.00 | 76.00 | NOTE | |
r-patched-linux-x86_64 | 0.2.6 | 4.59 | 58.80 | 63.39 | NOTE | |
r-release-linux-x86_64 | 0.2.6 | 4.07 | 58.17 | 62.24 | NOTE | |
r-release-macos-arm64 | 0.2.6 | 38.00 | NOTE | |||
r-release-windows-x86_64 | 0.2.6 | 6.00 | 69.00 | 75.00 | NOTE | |
r-oldrel-macos-arm64 | 0.2.6 | 40.00 | NOTE | |||
r-oldrel-macos-x86_64 | 0.2.6 | 55.00 | NOTE | |||
r-oldrel-windows-x86_64 | 0.2.6 | 6.00 | 78.00 | 84.00 | NOTE |
Version: 0.2.6
Check: LazyData
Result: NOTE
'LazyData' is specified without a 'data' directory
Flavors: r-devel-linux-x86_64-debian-clang, r-devel-linux-x86_64-debian-gcc, r-devel-linux-x86_64-fedora-clang, r-devel-linux-x86_64-fedora-gcc, r-devel-windows-x86_64, r-patched-linux-x86_64, r-release-linux-x86_64, r-release-macos-arm64, r-release-windows-x86_64, r-oldrel-macos-arm64, r-oldrel-macos-x86_64, r-oldrel-windows-x86_64