Last updated on 2024-05-07 17:50:05 CEST.
Flavor | Version | Tinstall | Tcheck | Ttotal | Status | Flags |
---|---|---|---|---|---|---|
r-devel-linux-x86_64-debian-clang | 0.3.5 | 12.51 | 210.80 | 223.31 | NOTE | |
r-devel-linux-x86_64-debian-gcc | 0.3.5 | 12.06 | 150.99 | 163.05 | NOTE | |
r-devel-linux-x86_64-fedora-clang | 0.3.5 | 281.57 | NOTE | |||
r-devel-linux-x86_64-fedora-gcc | 0.3.5 | 332.15 | NOTE | |||
r-devel-windows-x86_64 | 0.3.5 | 14.00 | 169.00 | 183.00 | NOTE | |
r-patched-linux-x86_64 | 0.3.5 | 17.79 | 198.17 | 215.96 | NOTE | |
r-release-linux-x86_64 | 0.3.5 | 12.00 | 195.03 | 207.03 | NOTE | |
r-release-macos-arm64 | 0.3.5 | 91.00 | NOTE | |||
r-release-windows-x86_64 | 0.3.5 | 14.00 | 172.00 | 186.00 | NOTE | |
r-oldrel-macos-arm64 | 0.3.5 | 109.00 | NOTE | |||
r-oldrel-macos-x86_64 | 0.3.5 | 165.00 | NOTE | |||
r-oldrel-windows-x86_64 | 0.3.5 | 18.00 | 227.00 | 245.00 | NOTE |
Version: 0.3.5
Check: package subdirectories
Result: NOTE
Problems with news in ‘NEWS.md’:
No news entries found.
Flavors: r-devel-linux-x86_64-debian-clang, r-devel-linux-x86_64-debian-gcc, r-devel-linux-x86_64-fedora-clang, r-devel-linux-x86_64-fedora-gcc, r-devel-windows-x86_64, r-patched-linux-x86_64, r-release-linux-x86_64, r-release-macos-arm64, r-release-windows-x86_64, r-oldrel-macos-arm64, r-oldrel-macos-x86_64, r-oldrel-windows-x86_64
Version: 0.3.5
Check: Rd files
Result: NOTE
checkRd: (-1) dnr.Rd:12: Escaped LaTeX specials: \#
Flavors: r-devel-linux-x86_64-debian-clang, r-devel-linux-x86_64-debian-gcc, r-devel-linux-x86_64-fedora-clang, r-devel-linux-x86_64-fedora-gcc, r-devel-windows-x86_64, r-patched-linux-x86_64, r-release-linux-x86_64, r-release-macos-arm64, r-release-windows-x86_64, r-oldrel-macos-arm64, r-oldrel-macos-x86_64, r-oldrel-windows-x86_64