Last updated on 2024-05-07 17:50:05 CEST.
Flavor | Version | Tinstall | Tcheck | Ttotal | Status | Flags |
---|---|---|---|---|---|---|
r-devel-linux-x86_64-debian-clang | 1.5.0 | 10.20 | 195.98 | 206.18 | OK | |
r-devel-linux-x86_64-debian-gcc | 1.5.0 | 7.76 | 152.57 | 160.33 | OK | |
r-devel-linux-x86_64-fedora-clang | 1.5.0 | 260.13 | NOTE | |||
r-devel-linux-x86_64-fedora-gcc | 1.5.0 | 331.77 | NOTE | |||
r-devel-windows-x86_64 | 1.5.0 | 8.00 | 160.00 | 168.00 | OK | |
r-patched-linux-x86_64 | 1.5.0 | 9.82 | 196.26 | 206.08 | OK | |
r-release-linux-x86_64 | 1.5.0 | 9.99 | 191.40 | 201.39 | OK | |
r-release-macos-arm64 | 1.5.0 | 83.00 | OK | |||
r-release-windows-x86_64 | 1.5.0 | 10.00 | 157.00 | 167.00 | OK | |
r-oldrel-macos-arm64 | 1.5.0 | 95.00 | OK | |||
r-oldrel-macos-x86_64 | 1.5.0 | 152.00 | OK | |||
r-oldrel-windows-x86_64 | 1.5.0 | 12.00 | 203.00 | 215.00 | OK |
Version: 1.5.0
Check: dependencies in R code
Result: NOTE
Namespace in Imports field not imported from: ‘Rdpack’
All declared Imports should be used.
Flavors: r-devel-linux-x86_64-fedora-clang, r-devel-linux-x86_64-fedora-gcc