Last updated on 2024-05-07 06:11:36 CEST.
Flavor | Version | Tinstall | Tcheck | Ttotal | Status | Flags |
---|---|---|---|---|---|---|
r-devel-linux-x86_64-debian-clang | 1.3.2 | 9.59 | 93.54 | 103.13 | OK | |
r-devel-linux-x86_64-debian-gcc | 1.3.2 | 7.65 | 67.51 | 75.16 | OK | |
r-devel-linux-x86_64-fedora-clang | 1.3.2 | 122.70 | NOTE | |||
r-devel-linux-x86_64-fedora-gcc | 1.3.2 | 164.92 | OK | |||
r-devel-windows-x86_64 | 1.3.2 | 9.00 | 82.00 | 91.00 | OK | |
r-patched-linux-x86_64 | 1.3.2 | 9.01 | 86.04 | 95.05 | OK | |
r-release-linux-x86_64 | 1.3.2 | 8.69 | 86.03 | 94.72 | OK | |
r-release-macos-arm64 | 1.3.2 | 34.00 | OK | |||
r-release-windows-x86_64 | 1.3.2 | 7.00 | 82.00 | 89.00 | OK | |
r-oldrel-macos-arm64 | 1.3.2 | 38.00 | OK | |||
r-oldrel-macos-x86_64 | 1.3.2 | 64.00 | OK | |||
r-oldrel-windows-x86_64 | 1.3.2 | 11.00 | 96.00 | 107.00 | OK |
Version: 1.3.2
Check: Rd cross-references
Result: NOTE
Undeclared packages ‘Kendall’, ‘geoR’ in Rd xrefs
Flavor: r-devel-linux-x86_64-fedora-clang