Last updated on 2024-05-07 13:51:33 CEST.
Flavor | Version | Tinstall | Tcheck | Ttotal | Status | Flags |
---|---|---|---|---|---|---|
r-devel-linux-x86_64-debian-clang | 1.0.4 | 19.14 | 47.27 | 66.41 | OK | |
r-devel-linux-x86_64-debian-gcc | 1.0.4 | 16.42 | 34.32 | 50.74 | OK | |
r-devel-linux-x86_64-fedora-clang | 1.0.4 | 81.32 | OK | |||
r-devel-linux-x86_64-fedora-gcc | 1.0.4 | 91.50 | WARN | |||
r-devel-windows-x86_64 | 1.0.4 | 27.00 | 76.00 | 103.00 | OK | |
r-patched-linux-x86_64 | 1.0.4 | 21.75 | 42.91 | 64.66 | OK | |
r-release-linux-x86_64 | 1.0.4 | 17.77 | 43.81 | 61.58 | OK | |
r-release-macos-arm64 | 1.0.4 | 28.00 | OK | |||
r-release-windows-x86_64 | 1.0.4 | 28.00 | 76.00 | 104.00 | OK | |
r-oldrel-macos-arm64 | 1.0.4 | 30.00 | OK | |||
r-oldrel-macos-x86_64 | 1.0.4 | 73.00 | OK | |||
r-oldrel-windows-x86_64 | 1.0.4 | 28.00 | 84.00 | 112.00 | OK |
Version: 1.0.4
Check: whether package can be installed
Result: WARN
Found the following significant warnings:
input2.c:867:62: warning: ' section:' directive output may be truncated writing 9 bytes into a region of size between 8 and 242 [-Wformat-truncation=]
See ‘/data/gannet/ripley/R/packages/tests-devel/epanet2toolkit.Rcheck/00install.out’ for details.
* used C compiler: ‘gcc-14 (GCC) 14.0.1 20240503 (prerelease)’
Flavor: r-devel-linux-x86_64-fedora-gcc