Last updated on 2024-05-08 01:48:13 CEST.
Flavor | Version | Tinstall | Tcheck | Ttotal | Status | Flags |
---|---|---|---|---|---|---|
r-devel-linux-x86_64-debian-clang | 0.6-5 | 11.44 | 61.29 | 72.73 | OK | |
r-devel-linux-x86_64-debian-gcc | 0.6-5 | 8.70 | 45.46 | 54.16 | OK | |
r-devel-linux-x86_64-fedora-clang | 0.6-5 | 55.00 | OK | |||
r-devel-linux-x86_64-fedora-gcc | 0.6-5 | 136.82 | OK | |||
r-devel-windows-x86_64 | 0.6-5 | 11.00 | 75.00 | 86.00 | OK | |
r-patched-linux-x86_64 | 0.6-5 | 13.04 | 59.00 | 72.04 | OK | |
r-release-linux-x86_64 | 0.6-5 | 10.20 | 57.89 | 68.09 | OK | |
r-release-macos-arm64 | 0.6-5 | 29.00 | OK | |||
r-release-windows-x86_64 | 0.6-5 | 11.00 | 73.00 | 84.00 | OK | |
r-oldrel-macos-arm64 | 0.6-5 | 30.00 | OK | |||
r-oldrel-macos-x86_64 | 0.6-5 | 43.00 | NOTE | |||
r-oldrel-windows-x86_64 | 0.6-5 | 13.00 | 83.00 | 96.00 | OK |
Version: 0.6-5
Check: package dependencies
Result: NOTE
Packages suggested but not available for checking:
'fields', 'forecast', 'imputeTS', 'lme4', 'statnet'
Flavor: r-oldrel-macos-x86_64