Last updated on 2024-05-07 21:48:24 CEST.
Flavor | Version | Tinstall | Tcheck | Ttotal | Status | Flags |
---|---|---|---|---|---|---|
r-devel-linux-x86_64-debian-clang | 0.3-1 | 143.97 | 259.17 | 403.14 | OK | |
r-devel-linux-x86_64-debian-gcc | 0.3-1 | 104.92 | 187.78 | 292.70 | OK | |
r-devel-linux-x86_64-fedora-clang | 0.3-1 | 529.22 | OK | |||
r-devel-linux-x86_64-fedora-gcc | 0.3-1 | 589.15 | OK | |||
r-devel-windows-x86_64 | 0.3-1 | 105.00 | 214.00 | 319.00 | OK | |
r-patched-linux-x86_64 | 0.3-1 | 131.39 | 241.86 | 373.25 | OK | |
r-release-linux-x86_64 | 0.3-1 | 133.88 | 246.15 | 380.03 | OK | |
r-release-macos-arm64 | 0.3-1 | 121.00 | NOTE | |||
r-release-windows-x86_64 | 0.3-1 | 106.00 | 214.00 | 320.00 | OK | |
r-oldrel-macos-arm64 | 0.3-1 | 121.00 | NOTE | |||
r-oldrel-macos-x86_64 | 0.3-1 | 326.00 | NOTE | |||
r-oldrel-windows-x86_64 | 0.3-1 | 132.00 | 283.00 | 415.00 | OK |
Version: 0.3-1
Check: installed package size
Result: NOTE
installed size is 5.6Mb
sub-directories of 1Mb or more:
libs 4.2Mb
Flavors: r-release-macos-arm64, r-oldrel-macos-arm64, r-oldrel-macos-x86_64