Last updated on 2024-05-07 21:48:25 CEST.
Flavor | Version | Tinstall | Tcheck | Ttotal | Status | Flags |
---|---|---|---|---|---|---|
r-devel-linux-x86_64-debian-clang | 0.2.6 | 13.41 | 124.50 | 137.91 | OK | |
r-devel-linux-x86_64-debian-gcc | 0.2.6 | 11.18 | 90.95 | 102.13 | OK | |
r-devel-linux-x86_64-fedora-clang | 0.2.6 | 177.05 | NOTE | |||
r-devel-linux-x86_64-fedora-gcc | 0.2.6 | 227.26 | NOTE | |||
r-devel-windows-x86_64 | 0.2.6 | 13.00 | 109.00 | 122.00 | OK | |
r-patched-linux-x86_64 | 0.2.6 | 14.66 | 117.27 | 131.93 | OK | |
r-release-linux-x86_64 | 0.2.6 | 8.97 | 115.40 | 124.37 | OK | |
r-release-macos-arm64 | 0.2.6 | 46.00 | OK | |||
r-release-windows-x86_64 | 0.2.6 | 14.00 | 108.00 | 122.00 | OK | |
r-oldrel-macos-arm64 | 0.2.6 | 56.00 | OK | |||
r-oldrel-macos-x86_64 | 0.2.6 | 88.00 | OK | |||
r-oldrel-windows-x86_64 | 0.2.6 | 16.00 | 125.00 | 141.00 | OK |
Version: 0.2.6
Check: dependencies in R code
Result: NOTE
Namespace in Imports field not imported from: ‘EnvStats’
All declared Imports should be used.
Flavors: r-devel-linux-x86_64-fedora-clang, r-devel-linux-x86_64-fedora-gcc