Last updated on 2024-05-07 06:11:36 CEST.
Flavor | Version | Tinstall | Tcheck | Ttotal | Status | Flags |
---|---|---|---|---|---|---|
r-devel-linux-x86_64-debian-clang | 0.7 | 5.37 | 51.97 | 57.34 | OK | |
r-devel-linux-x86_64-debian-gcc | 0.7 | 4.18 | 39.97 | 44.15 | OK | |
r-devel-linux-x86_64-fedora-clang | 0.7 | 75.86 | NOTE | |||
r-devel-linux-x86_64-fedora-gcc | 0.7 | 125.73 | NOTE | |||
r-devel-windows-x86_64 | 0.7 | 6.00 | 60.00 | 66.00 | OK | |
r-patched-linux-x86_64 | 0.7 | 3.83 | 49.96 | 53.79 | OK | |
r-release-linux-x86_64 | 0.7 | 4.29 | 50.36 | 54.65 | OK | |
r-release-macos-arm64 | 0.7 | 30.00 | OK | |||
r-release-windows-x86_64 | 0.7 | 6.00 | 60.00 | 66.00 | OK | |
r-oldrel-macos-arm64 | 0.7 | 32.00 | OK | |||
r-oldrel-macos-x86_64 | 0.7 | 46.00 | OK | |||
r-oldrel-windows-x86_64 | 0.7 | 7.00 | 65.00 | 72.00 | OK |
Version: 0.7
Check: dependencies in R code
Result: NOTE
Namespace in Imports field not imported from: ‘ggplot2’
All declared Imports should be used.
Flavors: r-devel-linux-x86_64-fedora-clang, r-devel-linux-x86_64-fedora-gcc