Last updated on 2024-05-08 01:48:13 CEST.
Flavor | Version | Tinstall | Tcheck | Ttotal | Status | Flags |
---|---|---|---|---|---|---|
r-devel-linux-x86_64-debian-clang | 0.3.2 | 4.03 | 46.68 | 50.71 | OK | |
r-devel-linux-x86_64-debian-gcc | 0.3.2 | 3.13 | 35.77 | 38.90 | OK | |
r-devel-linux-x86_64-fedora-clang | 0.3.2 | 67.58 | NOTE | |||
r-devel-linux-x86_64-fedora-gcc | 0.3.2 | 104.85 | NOTE | |||
r-devel-windows-x86_64 | 0.3.2 | 4.00 | 66.00 | 70.00 | OK | |
r-patched-linux-x86_64 | 0.3.2 | 3.90 | 44.83 | 48.73 | OK | |
r-release-linux-x86_64 | 0.3.2 | 2.96 | 44.54 | 47.50 | OK | |
r-release-macos-arm64 | 0.3.2 | 36.00 | OK | |||
r-release-windows-x86_64 | 0.3.2 | 5.00 | 65.00 | 70.00 | OK | |
r-oldrel-macos-arm64 | 0.3.2 | 31.00 | OK | |||
r-oldrel-macos-x86_64 | 0.3.2 | 97.00 | OK | |||
r-oldrel-windows-x86_64 | 0.3.2 | 5.00 | 66.00 | 71.00 | OK |
Version: 0.3.2
Check: dependencies in R code
Result: NOTE
Namespaces in Imports field not imported from:
‘collapse’ ‘data.table’ ‘kit’ ‘magrittr’
All declared Imports should be used.
Flavors: r-devel-linux-x86_64-fedora-clang, r-devel-linux-x86_64-fedora-gcc