Last updated on 2024-05-08 01:48:14 CEST.
Flavor | Version | Tinstall | Tcheck | Ttotal | Status | Flags |
---|---|---|---|---|---|---|
r-devel-linux-x86_64-debian-clang | 1.0.3 | 13.67 | 95.16 | 108.83 | OK | |
r-devel-linux-x86_64-debian-gcc | 1.0.3 | 10.50 | 69.92 | 80.42 | OK | |
r-devel-linux-x86_64-fedora-clang | 1.0.3 | 140.98 | NOTE | |||
r-devel-linux-x86_64-fedora-gcc | 1.0.3 | 180.35 | NOTE | |||
r-devel-windows-x86_64 | 1.0.3 | 12.00 | 87.00 | 99.00 | OK | |
r-patched-linux-x86_64 | 1.0.3 | 12.40 | 88.76 | 101.16 | OK | |
r-release-linux-x86_64 | 1.0.3 | 13.04 | 88.64 | 101.68 | OK | |
r-release-macos-arm64 | 1.0.3 | 33.00 | OK | |||
r-release-windows-x86_64 | 1.0.3 | 11.00 | 81.00 | 92.00 | OK | |
r-oldrel-macos-arm64 | 1.0.3 | 39.00 | OK | |||
r-oldrel-macos-x86_64 | 1.0.3 | 98.00 | OK | |||
r-oldrel-windows-x86_64 | 1.0.3 | 15.00 | 98.00 | 113.00 | OK |
Version: 1.0.3
Check: dependencies in R code
Result: NOTE
Namespaces in Imports field not imported from:
‘assertthat’ ‘utils’
All declared Imports should be used.
Flavors: r-devel-linux-x86_64-fedora-clang, r-devel-linux-x86_64-fedora-gcc