Last updated on 2024-05-07 21:48:27 CEST.
Flavor | Version | Tinstall | Tcheck | Ttotal | Status | Flags |
---|---|---|---|---|---|---|
r-devel-linux-x86_64-debian-clang | 1.5.0-9.1 | 8.48 | 2.27 | 10.75 | ERROR | |
r-devel-linux-x86_64-debian-gcc | 1.5.0-9.1 | 38.33 | 268.63 | 306.96 | NOTE | |
r-devel-linux-x86_64-fedora-clang | 1.5.0-9.1 | 562.19 | NOTE | |||
r-devel-linux-x86_64-fedora-gcc | 1.5.0-9.1 | 674.36 | NOTE | |||
r-devel-windows-x86_64 | 1.5.0-9.1 | 54.00 | 241.00 | 295.00 | NOTE | |
r-patched-linux-x86_64 | 1.5.0-9.1 | 47.51 | 358.53 | 406.04 | NOTE | |
r-release-linux-x86_64 | 1.5.0-9.1 | 47.85 | 354.93 | 402.78 | NOTE | |
r-release-macos-arm64 | 1.5.0-9.1 | 112.00 | NOTE | |||
r-release-windows-x86_64 | 1.5.0-9.1 | 54.00 | 236.00 | 290.00 | NOTE | |
r-oldrel-macos-arm64 | 1.5.0-9.1 | 116.00 | NOTE | |||
r-oldrel-macos-x86_64 | 1.5.0-9.1 | 222.00 | NOTE | |||
r-oldrel-windows-x86_64 | 1.5.0-9.1 | 69.00 | 324.00 | 393.00 | NOTE |
Version: 1.5.0-9.1
Check: whether package can be installed
Result: ERROR
Installation failed.
Flavor: r-devel-linux-x86_64-debian-clang
Version: 1.5.0-9.1
Check: C++ specification
Result: NOTE
Specified C++11: please drop specification unless essential
Flavors: r-devel-linux-x86_64-debian-gcc, r-devel-linux-x86_64-fedora-clang, r-devel-linux-x86_64-fedora-gcc, r-devel-windows-x86_64, r-patched-linux-x86_64, r-release-linux-x86_64, r-release-macos-arm64, r-release-windows-x86_64, r-oldrel-macos-arm64, r-oldrel-macos-x86_64, r-oldrel-windows-x86_64
Version: 1.5.0-9.1
Check: installed package size
Result: NOTE
installed size is 5.1Mb
sub-directories of 1Mb or more:
extdata 3.0Mb
Flavor: r-oldrel-windows-x86_64