Last updated on 2024-05-07 09:58:54 CEST.
Flavor | Version | Tinstall | Tcheck | Ttotal | Status | Flags |
---|---|---|---|---|---|---|
r-devel-linux-x86_64-debian-clang | 1.2.4 | 0.81 | 2.27 | 3.08 | ERROR | |
r-devel-linux-x86_64-debian-gcc | 1.2.4 | 45.29 | 389.61 | 434.90 | OK | |
r-devel-linux-x86_64-fedora-clang | 1.2.4 | 805.16 | OK | |||
r-devel-linux-x86_64-fedora-gcc | 1.2.4 | 849.56 | OK | |||
r-devel-windows-x86_64 | 1.2.4 | 54.00 | 379.00 | 433.00 | OK | |
r-patched-linux-x86_64 | 1.2.4 | 56.91 | 493.73 | 550.64 | OK | |
r-release-linux-x86_64 | 1.2.4 | 48.40 | 490.94 | 539.34 | OK | |
r-release-macos-arm64 | 1.2.4 | 193.00 | OK | |||
r-release-macos-x86_64 | 1.2.4 | 221.00 | OK | |||
r-release-windows-x86_64 | 1.2.4 | 52.00 | 375.00 | 427.00 | OK | |
r-oldrel-macos-arm64 | 1.2.4 | 179.00 | OK | |||
r-oldrel-macos-x86_64 | 1.2.4 | 228.00 | OK | |||
r-oldrel-windows-x86_64 | 1.2.4 | 75.00 | 502.00 | 577.00 | OK |
Version: 1.2.4
Check: package dependencies
Result: ERROR
Packages required but not available:
'GenomicRanges', 'lolliplot', 'rtracklayer'
See section ‘The DESCRIPTION file’ in the ‘Writing R Extensions’
manual.
Flavor: r-devel-linux-x86_64-debian-clang