Last updated on 2024-05-07 09:58:54 CEST.
Flavor | Version | Tinstall | Tcheck | Ttotal | Status | Flags |
---|---|---|---|---|---|---|
r-devel-linux-x86_64-debian-clang | 0.2.0 | 6.93 | 94.98 | 101.91 | OK | |
r-devel-linux-x86_64-debian-gcc | 0.2.0 | 5.53 | 71.20 | 76.73 | OK | |
r-devel-linux-x86_64-fedora-clang | 0.2.0 | 135.82 | NOTE | |||
r-devel-linux-x86_64-fedora-gcc | 0.2.0 | 166.22 | NOTE | |||
r-devel-windows-x86_64 | 0.2.0 | 9.00 | 93.00 | 102.00 | OK | |
r-patched-linux-x86_64 | 0.2.0 | 6.06 | 90.24 | 96.30 | OK | |
r-release-linux-x86_64 | 0.2.0 | 6.47 | 90.84 | 97.31 | OK | |
r-release-macos-arm64 | 0.2.0 | 47.00 | OK | |||
r-release-windows-x86_64 | 0.2.0 | 9.00 | 93.00 | 102.00 | OK | |
r-oldrel-macos-arm64 | 0.2.0 | 49.00 | OK | |||
r-oldrel-macos-x86_64 | 0.2.0 | 71.00 | OK | |||
r-oldrel-windows-x86_64 | 0.2.0 | 9.00 | 106.00 | 115.00 | OK |
Version: 0.2.0
Check: dependencies in R code
Result: NOTE
Namespaces in Imports field not imported from:
‘pipeR’ ‘rlang’
All declared Imports should be used.
Flavors: r-devel-linux-x86_64-fedora-clang, r-devel-linux-x86_64-fedora-gcc