Last updated on 2024-05-07 17:50:08 CEST.
Flavor | Version | Tinstall | Tcheck | Ttotal | Status | Flags |
---|---|---|---|---|---|---|
r-devel-linux-x86_64-debian-clang | 0.4.2 | 123.33 | 167.53 | 290.86 | OK | |
r-devel-linux-x86_64-debian-gcc | 0.4.2 | 96.34 | 126.36 | 222.70 | OK | |
r-devel-linux-x86_64-fedora-clang | 0.4.2 | 376.89 | OK | |||
r-devel-linux-x86_64-fedora-gcc | 0.4.2 | 430.12 | OK | |||
r-devel-windows-x86_64 | 0.4.2 | 94.00 | 165.00 | 259.00 | OK | |
r-patched-linux-x86_64 | 0.4.2 | 111.06 | 165.92 | 276.98 | OK | |
r-release-linux-x86_64 | 0.4.2 | 120.57 | 161.97 | 282.54 | OK | |
r-release-macos-arm64 | 0.4.2 | 87.00 | NOTE | |||
r-release-macos-x86_64 | 0.4.2 | 201.00 | NOTE | |||
r-release-windows-x86_64 | 0.4.2 | 91.00 | 163.00 | 254.00 | OK | |
r-oldrel-macos-arm64 | 0.4.2 | 90.00 | NOTE | |||
r-oldrel-macos-x86_64 | 0.4.2 | 193.00 | NOTE | |||
r-oldrel-windows-x86_64 | 0.4.2 | 109.00 | 207.00 | 316.00 | OK |
Version: 0.4.2
Check: installed package size
Result: NOTE
installed size is 22.3Mb
sub-directories of 1Mb or more:
help 1.2Mb
libs 20.4Mb
Flavors: r-release-macos-arm64, r-release-macos-x86_64, r-oldrel-macos-arm64, r-oldrel-macos-x86_64